{"id":43,"date":"2024-06-11T19:05:18","date_gmt":"2024-06-11T17:05:18","guid":{"rendered":"http:\/\/192.168.2.129\/?page_id=43"},"modified":"2024-08-14T02:02:11","modified_gmt":"2024-08-14T00:02:11","slug":"zahnersatz-und-prothetik","status":"publish","type":"page","link":"https:\/\/dentec-online.de\/index.php\/zahnersatz-und-prothetik\/","title":{"rendered":"Zahnersatz und Prothetik"},"content":{"rendered":"\n<hr class=\"wp-block-separator has-alpha-channel-opacity is-style-wide\"\/>\n\n\n\n<h2 class=\"wp-block-heading\" id=\"totalprothetik\">Totalprothetik<\/h2>\n\n\n\n<h3 class=\"wp-block-heading\">Mit den &#8220;Dritten&#8221; ist es wie mit einem guten Freund, sie sind da wenn man sie braucht.<\/h3>\n\n\n\n<div class=\"wp-block-media-text is-stacked-on-mobile\" style=\"grid-template-columns:24% auto\"><figure class=\"wp-block-media-text__media\"><img loading=\"lazy\" decoding=\"async\" width=\"220\" height=\"147\" src=\"https:\/\/dentec-online.de\/wp-content\/uploads\/2024\/08\/c4ec6e82b9.jpg\" alt=\"\" class=\"wp-image-246 size-full\"\/><\/figure><div class=\"wp-block-media-text__content\">\n<p>Wir tun vieles, damit Ihnen Ihre &#8220;Dritten&#8221; zum Freund werden. Nach enger Absprache mit dem Behandler fertigen wir Ihre Vollprothese nach wissenschaftlich anerkannten Methoden an. Dabei kann zwischen Kunststoff- und Keramikz\u00e4hnen gew\u00e4hlt werden. Es besteht auch die M\u00f6glichkeit eine Individualprothese herzustellen. Bei allen Prothesen kommt ein Gie\u00dfverfahren zum Einsatz.<\/p>\n\n\n\n<p>Dieses Verfahren vermeidet durch die besondere K\u00fcvettenform Bi\u00dferh\u00f6hungen, der Kunststoff zeichnet sich durch eine sichere Polymerisation aus. Er ist farbbest\u00e4ndig und hat eine gute Schleimhautvertr\u00e4glichkeit. Das Katalysator-System ist ohne terti\u00e4res Amin.<\/p>\n\n\n\n<p>Selbstverst\u00e4ndlich ist dieser Kunststoff cadmiumfrei und entspricht den DIN Normen und den Vorschriften des Medizinproduktegesetzes. Die in handwerklich perfekter Arbeit hergestellten Vollprothesen gew\u00e4hren einen hohen Tragekomfort und lange Lebensdauer.<\/p>\n<\/div><\/div>\n\n\n\n<hr class=\"wp-block-separator has-alpha-channel-opacity is-style-wide\"\/>\n\n\n\n<h2 class=\"wp-block-heading\" id=\"teilprothetik\">Teilprothetik<\/h2>\n\n\n\n<p>Wenn aus statischen und medizinischen Gr\u00fcnden keine Br\u00fcckenversorgung mehr angefertigt werden kann, also bei stark reduziertem Zahnbestand oder einer gr\u00f6\u00dferen Zahnl\u00fccke, wird eine herausnehmbare&nbsp;<strong>Teilprothese<\/strong>&nbsp;gefertigt.<\/p>\n\n\n\n<div class=\"wp-block-columns is-layout-flex wp-container-core-columns-is-layout-9d6595d7 wp-block-columns-is-layout-flex\">\n<div class=\"wp-block-column is-layout-flow wp-block-column-is-layout-flow\" style=\"flex-basis:33.34%\"><div class=\"wp-block-image\">\n<figure class=\"alignleft size-full\"><img loading=\"lazy\" decoding=\"async\" width=\"240\" height=\"168\" src=\"https:\/\/dentec-online.de\/wp-content\/uploads\/2024\/08\/Teilpro1.gif\" alt=\"\" class=\"wp-image-230\"\/><\/figure>\n<\/div><\/div>\n\n\n\n<div class=\"wp-block-column is-layout-flow wp-block-column-is-layout-flow\" style=\"flex-basis:33.34%\"><div class=\"wp-block-image\">\n<figure class=\"alignleft size-full is-resized\"><img loading=\"lazy\" decoding=\"async\" width=\"240\" height=\"168\" src=\"https:\/\/dentec-online.de\/wp-content\/uploads\/2024\/08\/Teilpro2.gif\" alt=\"\" class=\"wp-image-231\" style=\"width:240px;height:auto\"\/><\/figure>\n<\/div><\/div>\n\n\n\n<div class=\"wp-block-column is-layout-flow wp-block-column-is-layout-flow\" style=\"flex-basis:33.33%\"><\/div>\n<\/div>\n\n\n\n<div style=\"height:20px\" aria-hidden=\"true\" class=\"wp-block-spacer\"><\/div>\n\n\n\n<hr class=\"wp-block-separator has-alpha-channel-opacity is-style-default\"\/>\n\n\n\n<h3 class=\"wp-block-heading\">Klammerprothese<\/h3>\n\n\n\n<figure class=\"wp-block-image size-full\"><img loading=\"lazy\" decoding=\"async\" width=\"220\" height=\"156\" src=\"https:\/\/dentec-online.de\/wp-content\/uploads\/2024\/08\/bfd85e2cc4.jpg\" alt=\"\" class=\"wp-image-233\"\/><\/figure>\n\n\n\n<p>Die einfachste und kosteng\u00fcnstigste Art der Versorgung ist in diesem Fall die Klammerprothese. In diesem Fall wird der Zahnersatz mit Klammern an den Restz\u00e4hnen gehalten. Die Klammern werden entweder aus Draht gebogen (in Verbindung mit einer Prothese aus Kunststoff) oder aus einer Kobalt-Chrom-Molybd\u00e4n-Legierung gegossen (die Modellgu\u00dfprothese). Die Lage der Klammer im sichtbaren Bereich der Z\u00e4hne (dies wird als \u00e4sthetisch st\u00f6rend empfunden), sowie die hohen Abzugskr\u00e4fte beim Ausgliedern sind als Schwachpunkte zu erw\u00e4hnen.<\/p>\n\n\n\n<hr class=\"wp-block-separator has-alpha-channel-opacity is-style-default\"\/>\n\n\n\n<h3 class=\"wp-block-heading\">Geschiebetechnik<\/h3>\n\n\n\n<figure class=\"wp-block-image size-full\"><img loading=\"lazy\" decoding=\"async\" width=\"220\" height=\"162\" src=\"https:\/\/dentec-online.de\/wp-content\/uploads\/2024\/08\/4cb2cd9860.jpg\" alt=\"\" class=\"wp-image-234\"\/><\/figure>\n\n\n\n<p>Die vorgenannten Nachteile k\u00f6nnen aufgehoben werden, wenn bei einem reduzierten Zahnbestand Kronen und Br\u00fccken mit feinmechanischen Halteelementen eingegliedert werden. Diese Halteelemente (Geschiebe) \u00fcbernehmen die Funktion der Klammer, sind aber nicht sichtbar angebracht. Diese Pr\u00e4zisionsteile erlauben ein zahnschonendes sanftes Ein- und Ausgliedern der Prothese. Mit dieser Art von Zahnersatz verbinden sich weiterhin ein hoher Tragekomfort und ein Optimum an \u00c4sthetik.<\/p>\n\n\n\n<hr class=\"wp-block-separator has-alpha-channel-opacity is-style-default\"\/>\n\n\n\n<h3 class=\"wp-block-heading\">Teleskopprothesen<\/h3>\n\n\n\n<figure class=\"wp-block-image size-full\"><img loading=\"lazy\" decoding=\"async\" width=\"220\" height=\"147\" src=\"https:\/\/dentec-online.de\/wp-content\/uploads\/2024\/08\/9214cb02cf.jpg\" alt=\"\" class=\"wp-image-235\"\/><\/figure>\n\n\n\n<p>Einen Sonderfall der Geschiebetechnik stellen teleskopierende Br\u00fccken oder Teilprothesen dar. In diesem Fall werden Restz\u00e4hne selbst zu Geschieben. Nach der Pr\u00e4paration der Restz\u00e4hne werden speziell gefr\u00e4ste Prim\u00e4rteile aus Gold darauf zementiert. Diese dienen als Halt f\u00fcr die herausnehmbare Br\u00fccke oder Teilprothese. Wenn ein ausreichender Restzahnbestand vorhanden ist, kann bei einer Teleskoparbeit der Gaumenbereich freigehalten werden. Diese Arbeit wird zu einer abnehmbaren Br\u00fccke.<\/p>\n\n\n\n<hr class=\"wp-block-separator has-alpha-channel-opacity is-style-default\"\/>\n\n\n\n<h3 class=\"wp-block-heading\">Zahnersatz und Qualit\u00e4t<\/h3>\n\n\n\n<p>Jeder Zahnersatz wird ausschlie\u00dflich aus gepr\u00fcften und zertifizierten, hochwertigen Materialien hergestellt. Die von uns verwendeten Geschiebe der Firma ZL-Microdent sind langj\u00e4hrig erprobt, langlebig und falls notwendig leicht auswechselbar. F\u00fcr Teleskope kommt die palladium- und kupferfreie Edelmetallegierung Argistar 727 zum Einsatz. Verblendet werden sie mit dem modernen Kompositverblendmaterial Signum der Firma Heraeus Holding GmbH.<\/p>\n\n\n\n<hr class=\"wp-block-separator has-alpha-channel-opacity is-style-wide\"\/>\n\n\n\n<h2 class=\"wp-block-heading\" id=\"kronenbruecken\">Kronen, Br\u00fccken und Keramikinlays<\/h2>\n\n\n\n<h3 class=\"wp-block-heading\">Die Kronen- und Br\u00fcckentechnik ist eines unserer Hauptt\u00e4tigkeitsfelder<\/h3>\n\n\n\n<p>Mit der Hochleistungskeramik Zirkonoxid verwenden wir ein neues innovatives Material, das sich durch extreme Stabilit\u00e4t und Bruchfestigkeit auszeichnet. Zirkonoxid kann in allen Bereichen der Zahnmedizin eingesetzt werden. Im CAD\/CAM-Verfahren hergestellt, weist dieses keramische Material (auch als \u201ewei\u00dfes Gold\u201c bezeichnet) und der daraus gefertigte Zahnersatz, bedeutende Vorteile auf. Die Keramik ist sehr gut vertr\u00e4glich, sehr fest und zeichnet sich durch ihre hohe Mundbest\u00e4ndigkeit aus. Wechselwirkungen mit bereits eingegliederten Metallen und Legierungen sind auszuschlie\u00dfen.<\/p>\n\n\n\n<p>Mit der Argistar-Bio-727-Legierung der Firma Argen steht uns in der konventionellen Technik ein biologisch vertr\u00e4gliches Material zur Verf\u00fcgung. Erg\u00e4nzt wird die Legierungen durch die Keramikmassen \u201eHeraCeram sun\u201c der Firma Heraeus-Kulzer.<\/p>\n\n\n\n<p>Dieses Aufbrennkeramiksystem erm\u00f6glicht uns, Ihnen einen dauerhaften und biologisch neutralen Zahnersatz mit nat\u00fcrlicher \u00c4sthetik anzubieten.<\/p>\n\n\n\n<p>Mit diesem System kann der Patient unter Verwendung von nur einer Legierung mit Inlays, Kronen, Br\u00fccken und Teleskoparbeiten und metallkeramischen Restaurationen versorgt werden.<\/p>\n\n\n\n<hr class=\"wp-block-separator has-alpha-channel-opacity is-style-wide\"\/>\n\n\n\n<h2 class=\"wp-block-heading\" id=\"cadcam\">CAD\/CAM-Technik f\u00fcr maximale Pr\u00e4zision<\/h2>\n\n\n\n<h3 class=\"wp-block-heading\">Computergesteuerte Fr\u00e4stechnik erm\u00f6glicht die Bearbeitung neuer Materialien<\/h3>\n\n\n\n<p>Das Prinzip der CAD\/CAM-Technik hat sich in vielen technischen Bereichen bew\u00e4hrt. Aus einem Materialblock wird die gew\u00fcnschte Form computergesteuert herausgefr\u00e4st &#8211; und das mit einer sehr hohen Genauigkeit.<\/p>\n\n\n\n<hr class=\"wp-block-separator has-alpha-channel-opacity is-style-default\"\/>\n\n\n\n<h3 class=\"wp-block-heading\">Zirkonoxid-Vollkeramik<\/h3>\n\n\n\n<figure class=\"wp-block-image size-full\"><img loading=\"lazy\" decoding=\"async\" width=\"180\" height=\"156\" src=\"https:\/\/dentec-online.de\/wp-content\/uploads\/2024\/08\/Zirkon2_01.jpg\" alt=\"\" class=\"wp-image-232\"\/><\/figure>\n\n\n\n<p>Seit einigen Jahren wird die CAD\/CAM-Fr\u00e4stechnik auch erfolgreich in der Zahnmedizin eingesetzt, insbesondere f\u00fcr sehr harte Zahnersatz-Materialien. Die CAD\/CAM-Technik erm\u00f6glicht zum Beispiel die pr\u00e4zise Bearbeitung von Zirkonoxid-Vollkeramik zu passgenauen Kronen und Br\u00fccken. Zirkonoxid ist ein besonders festes Keramik-Material, das sich aufgrund der besonderen Stabilit\u00e4t f\u00fcr vielf\u00e4ltige Zahnersatz-L\u00f6sungen hervorragend eignet. Durch die Zusammenarbeit unserer Praxis mit einem innovativen, CAD\/CAM-erfahrenen Dentallabor steht uns diese moderne Technologie zur Verf\u00fcgung<\/p>\n\n\n\n<hr class=\"wp-block-separator has-alpha-channel-opacity is-style-default\"\/>\n\n\n\n<h3 class=\"wp-block-heading\">Kaltformung anstatt Materialguss<\/h3>\n\n\n\n<p>Neben der hohen Pr\u00e4zision ist ein weiterer Vorteil der Fr\u00e4stechnik, dass hier das Material kalt &#8211; ohne Erhitzung &#8211; bearbeitet wird. So bleibt die urspr\u00fcngliche Materialstruktur erhalten. Im Gegensatz zur Press- oder Gusstechnik unterliegt der Werkstoff beim Fr\u00e4svorgang keinen formver\u00e4ndernden Temperaturschwankungen oder Spannungen. Verfahrensbedingte Beeintr\u00e4chtigungen der Materialqualit\u00e4t k\u00f6nnen damit ausgeschlossen werden.<\/p>\n\n\n\n<p>Der etwas h\u00f6here Preis der CAD\/CAM-gefr\u00e4sten Zirkonoxid-Kronen und -Br\u00fccken entsteht durch die aufw\u00e4ndigen und kostenintensiven High-Tech-Ger\u00e4te.<\/p>\n\n\n\n<hr class=\"wp-block-separator has-alpha-channel-opacity is-style-wide\"\/>\n\n\n\n<h2 class=\"wp-block-heading\" id=\"zahnimplantate\">Zahnimplantate<\/h2>\n\n\n\n<h3 class=\"wp-block-heading\">Die fortschrittliche zahnmedizinische Therapie<\/h3>\n\n\n\n<div class=\"wp-block-columns are-vertically-aligned-center is-style-default is-layout-flex wp-container-core-columns-is-layout-9d6595d7 wp-block-columns-is-layout-flex\">\n<div class=\"wp-block-column is-layout-flow wp-block-column-is-layout-flow\" style=\"flex-basis:23%\">\n<figure class=\"wp-block-image\"><img loading=\"lazy\" decoding=\"async\" width=\"220\" height=\"312\" src=\"https:\/\/dentec-online.de\/wp-content\/uploads\/2024\/08\/96286e1c06.jpg\" alt=\"\" class=\"wp-image-236\" srcset=\"https:\/\/dentec-online.de\/wp-content\/uploads\/2024\/08\/96286e1c06.jpg 220w, https:\/\/dentec-online.de\/wp-content\/uploads\/2024\/08\/96286e1c06-212x300.jpg 212w\" sizes=\"auto, (max-width: 220px) 100vw, 220px\" \/><figcaption class=\"wp-element-caption\">Ankylos Implantat<\/figcaption><\/figure>\n<\/div>\n\n\n\n<div class=\"wp-block-column is-layout-flow wp-block-column-is-layout-flow\" style=\"flex-basis:77%\">\n<p>Neben den vielen klassischen Gebieten der Zahnersatzversorgung gibt es auch die M\u00f6glichkeit der Zahnimplantate. Das stellt an die Zusammenarbeit zwischen Patient, Zahnarzt und Zahntechniker ganz besondere Aufgaben.<br>Um diesen speziellen Anforderungen gerecht zu werden, haben wir uns auf das Ankylos-System spezialisiert.<\/p>\n\n\n\n<p>Diese Implantate sind aus biologisch neutralem Titan gefertigt. Die Oberfl\u00e4che der Implantate ist aufgerauht, damit sind g\u00fcnstige Voraussetzungen f\u00fcr die feste Einheilung und Verankerung gegeben. Mit den in unserem Labor vorhandenen Erfahrungen mit dem Ankylos-Implantatsystem stehen wir Behandlern und Patienten bei der Planung und Ausf\u00fchrung der prothetischen Arbeit jederzeit zur Verf\u00fcgung.<br><\/p>\n<\/div>\n<\/div>\n\n\n\n<hr class=\"wp-block-separator has-alpha-channel-opacity is-style-wide\"\/>\n\n\n\n<h2 class=\"wp-block-heading\" id=\"bildergalerie\"><strong>Bildergalerie<\/strong><\/h2>\n\n\n\n<p>Hier zeigen wir die Entstehung einer implantatgetragenen Vollkeramikkrone an einem Patientenfall. Dem Patienten wurde ein Implantat aus dem Xive-System der Firma Friadent gesetzt. F\u00fcr die Abformung kam ein geschlossener L\u00f6ffel mit Abformkappe zum Einsatz. Gleichzeitig wurde eine Gesichtsbogenregistratur vorgenommen. Nach der Modell\u00fcbertragung in den Artikulator wurde der Abformkopf entfernt und der passende Aufbau ausgew\u00e4hlt und individualisiert. Die Herstellung des Zirkonoxidk\u00e4ppchens erfolgte in unserem firmeneigenen CAD-CAM-Zentrum. F\u00fcr die Verblendung des K\u00e4ppchens kommt eine spezielle Aufbrennkeramik zum Einsatz. Diese sorgt mit ihren Eigenschaften f\u00fcr eine nat\u00fcrliche \u00c4sthetik und eine hohe Stabilit\u00e4t. Der Schl\u00fcssel aus Pattern Resin dient dem Zahnarzt als Eingliederungshilfe zum Festsetzen des Implantat-Aufbaus.<\/p>\n\n\n\n<hr class=\"wp-block-separator has-alpha-channel-opacity\"\/>\n\n\n\n<figure class=\"wp-block-gallery has-nested-images columns-default is-cropped wp-block-gallery-1 is-layout-flex wp-block-gallery-is-layout-flex\">\n<figure class=\"wp-block-image size-large\"><img loading=\"lazy\" decoding=\"async\" width=\"600\" height=\"425\" data-id=\"139\" src=\"http:\/\/192.168.2.129\/wp-content\/uploads\/2024\/06\/IPK01-1.jpg\" alt=\"\" class=\"wp-image-139\" srcset=\"https:\/\/dentec-online.de\/wp-content\/uploads\/2024\/06\/IPK01-1.jpg 600w, https:\/\/dentec-online.de\/wp-content\/uploads\/2024\/06\/IPK01-1-300x213.jpg 300w\" sizes=\"auto, (max-width: 600px) 100vw, 600px\" \/><figcaption class=\"wp-element-caption\"><em>Abformung mit Abformkappe und Laboranalog<\/em><\/figcaption><\/figure>\n\n\n\n<figure class=\"wp-block-image size-large\"><img loading=\"lazy\" decoding=\"async\" width=\"600\" height=\"400\" data-id=\"142\" src=\"http:\/\/192.168.2.129\/wp-content\/uploads\/2024\/06\/IPK02-1.jpg\" alt=\"\" class=\"wp-image-142\" srcset=\"https:\/\/dentec-online.de\/wp-content\/uploads\/2024\/06\/IPK02-1.jpg 600w, https:\/\/dentec-online.de\/wp-content\/uploads\/2024\/06\/IPK02-1-300x200.jpg 300w\" sizes=\"auto, (max-width: 600px) 100vw, 600px\" \/><figcaption class=\"wp-element-caption\">Laboranalog in Abformung eingesetzt und mit Zahnfleischmaske versehen<\/figcaption><\/figure>\n\n\n\n<figure class=\"wp-block-image size-large\"><img loading=\"lazy\" decoding=\"async\" width=\"600\" height=\"400\" data-id=\"140\" src=\"http:\/\/192.168.2.129\/wp-content\/uploads\/2024\/06\/IPK03-1.jpg\" alt=\"\" class=\"wp-image-140\" srcset=\"https:\/\/dentec-online.de\/wp-content\/uploads\/2024\/06\/IPK03-1.jpg 600w, https:\/\/dentec-online.de\/wp-content\/uploads\/2024\/06\/IPK03-1-300x200.jpg 300w\" sizes=\"auto, (max-width: 600px) 100vw, 600px\" \/><figcaption class=\"wp-element-caption\">Modell nach Gesichtsbogenregistratur im Artikulator eingesetzt<\/figcaption><\/figure>\n\n\n\n<figure class=\"wp-block-image size-large\"><img loading=\"lazy\" decoding=\"async\" width=\"400\" height=\"535\" data-id=\"141\" src=\"http:\/\/192.168.2.129\/wp-content\/uploads\/2024\/06\/IPK04-1.jpg\" alt=\"\" class=\"wp-image-141\" srcset=\"https:\/\/dentec-online.de\/wp-content\/uploads\/2024\/06\/IPK04-1.jpg 400w, https:\/\/dentec-online.de\/wp-content\/uploads\/2024\/06\/IPK04-1-224x300.jpg 224w\" sizes=\"auto, (max-width: 400px) 100vw, 400px\" \/><figcaption class=\"wp-element-caption\"><em>Modelle im Artikulator<\/em><\/figcaption><\/figure>\n\n\n\n<figure class=\"wp-block-image size-large\"><img loading=\"lazy\" decoding=\"async\" width=\"600\" height=\"468\" data-id=\"144\" src=\"http:\/\/192.168.2.129\/wp-content\/uploads\/2024\/06\/IPK05-1.jpg\" alt=\"\" class=\"wp-image-144\" srcset=\"https:\/\/dentec-online.de\/wp-content\/uploads\/2024\/06\/IPK05-1.jpg 600w, https:\/\/dentec-online.de\/wp-content\/uploads\/2024\/06\/IPK05-1-300x234.jpg 300w\" sizes=\"auto, (max-width: 600px) 100vw, 600px\" \/><figcaption class=\"wp-element-caption\"><em>Modellanalog mit Kopf und Zahnfleischmaske<\/em><\/figcaption><\/figure>\n\n\n\n<figure class=\"wp-block-image size-large\"><img loading=\"lazy\" decoding=\"async\" width=\"600\" height=\"445\" data-id=\"143\" src=\"http:\/\/192.168.2.129\/wp-content\/uploads\/2024\/06\/IPK06-1.jpg\" alt=\"\" class=\"wp-image-143\" srcset=\"https:\/\/dentec-online.de\/wp-content\/uploads\/2024\/06\/IPK06-1.jpg 600w, https:\/\/dentec-online.de\/wp-content\/uploads\/2024\/06\/IPK06-1-300x223.jpg 300w\" sizes=\"auto, (max-width: 600px) 100vw, 600px\" \/><figcaption class=\"wp-element-caption\"><em>individualisierter Aufbau<\/em><\/figcaption><\/figure>\n\n\n\n<figure class=\"wp-block-image size-large\"><img loading=\"lazy\" decoding=\"async\" width=\"600\" height=\"350\" data-id=\"145\" src=\"http:\/\/192.168.2.129\/wp-content\/uploads\/2024\/06\/IPK07.jpg\" alt=\"\" class=\"wp-image-145\" srcset=\"https:\/\/dentec-online.de\/wp-content\/uploads\/2024\/06\/IPK07.jpg 600w, https:\/\/dentec-online.de\/wp-content\/uploads\/2024\/06\/IPK07-300x175.jpg 300w\" sizes=\"auto, (max-width: 600px) 100vw, 600px\" \/><figcaption class=\"wp-element-caption\"><em>das CAD mit InEos blue und inLab 3D<\/em><\/figcaption><\/figure>\n\n\n\n<figure class=\"wp-block-image size-large\"><img loading=\"lazy\" decoding=\"async\" width=\"600\" height=\"400\" data-id=\"146\" src=\"http:\/\/192.168.2.129\/wp-content\/uploads\/2024\/06\/IPK08.jpg\" alt=\"\" class=\"wp-image-146\" srcset=\"https:\/\/dentec-online.de\/wp-content\/uploads\/2024\/06\/IPK08.jpg 600w, https:\/\/dentec-online.de\/wp-content\/uploads\/2024\/06\/IPK08-300x200.jpg 300w\" sizes=\"auto, (max-width: 600px) 100vw, 600px\" \/><figcaption class=\"wp-element-caption\"><em>das CAM mit Sirona inLab MC XL<\/em><\/figcaption><\/figure>\n\n\n\n<figure class=\"wp-block-image size-large\"><img loading=\"lazy\" decoding=\"async\" width=\"600\" height=\"400\" data-id=\"147\" src=\"http:\/\/192.168.2.129\/wp-content\/uploads\/2024\/06\/IPK09.jpg\" alt=\"\" class=\"wp-image-147\" srcset=\"https:\/\/dentec-online.de\/wp-content\/uploads\/2024\/06\/IPK09.jpg 600w, https:\/\/dentec-online.de\/wp-content\/uploads\/2024\/06\/IPK09-300x200.jpg 300w\" sizes=\"auto, (max-width: 600px) 100vw, 600px\" \/><figcaption class=\"wp-element-caption\"><em>der fertige Rohling<\/em><\/figcaption><\/figure>\n\n\n\n<figure class=\"wp-block-image size-large\"><img loading=\"lazy\" decoding=\"async\" width=\"600\" height=\"400\" data-id=\"149\" src=\"http:\/\/192.168.2.129\/wp-content\/uploads\/2024\/06\/IPK10.jpg\" alt=\"\" class=\"wp-image-149\" srcset=\"https:\/\/dentec-online.de\/wp-content\/uploads\/2024\/06\/IPK10.jpg 600w, https:\/\/dentec-online.de\/wp-content\/uploads\/2024\/06\/IPK10-300x200.jpg 300w\" sizes=\"auto, (max-width: 600px) 100vw, 600px\" \/><figcaption class=\"wp-element-caption\"><em>aufgepasstes Zirkonoxid-K\u00e4ppchen<\/em><\/figcaption><\/figure>\n\n\n\n<figure class=\"wp-block-image size-large\"><img loading=\"lazy\" decoding=\"async\" width=\"600\" height=\"400\" data-id=\"148\" src=\"http:\/\/192.168.2.129\/wp-content\/uploads\/2024\/06\/IPK11.jpg\" alt=\"\" class=\"wp-image-148\" srcset=\"https:\/\/dentec-online.de\/wp-content\/uploads\/2024\/06\/IPK11.jpg 600w, https:\/\/dentec-online.de\/wp-content\/uploads\/2024\/06\/IPK11-300x200.jpg 300w\" sizes=\"auto, (max-width: 600px) 100vw, 600px\" \/><figcaption class=\"wp-element-caption\"><em>nach dem Dentinbrand<\/em><\/figcaption><\/figure>\n\n\n\n<figure class=\"wp-block-image size-large\"><img loading=\"lazy\" decoding=\"async\" width=\"600\" height=\"400\" data-id=\"151\" src=\"http:\/\/192.168.2.129\/wp-content\/uploads\/2024\/06\/IPK12.jpg\" alt=\"\" class=\"wp-image-151\" srcset=\"https:\/\/dentec-online.de\/wp-content\/uploads\/2024\/06\/IPK12.jpg 600w, https:\/\/dentec-online.de\/wp-content\/uploads\/2024\/06\/IPK12-300x200.jpg 300w\" sizes=\"auto, (max-width: 600px) 100vw, 600px\" \/><figcaption class=\"wp-element-caption\"><em>die finale Schichtung<\/em><\/figcaption><\/figure>\n\n\n\n<figure class=\"wp-block-image size-large\"><img loading=\"lazy\" decoding=\"async\" width=\"600\" height=\"400\" data-id=\"150\" src=\"http:\/\/192.168.2.129\/wp-content\/uploads\/2024\/06\/IPK13.jpg\" alt=\"\" class=\"wp-image-150\" srcset=\"https:\/\/dentec-online.de\/wp-content\/uploads\/2024\/06\/IPK13.jpg 600w, https:\/\/dentec-online.de\/wp-content\/uploads\/2024\/06\/IPK13-300x200.jpg 300w\" sizes=\"auto, (max-width: 600px) 100vw, 600px\" \/><figcaption class=\"wp-element-caption\"><em>fertige Krone okklusal<\/em><\/figcaption><\/figure>\n\n\n\n<figure class=\"wp-block-image size-large\"><img loading=\"lazy\" decoding=\"async\" width=\"600\" height=\"400\" data-id=\"152\" src=\"http:\/\/192.168.2.129\/wp-content\/uploads\/2024\/06\/IPK14-1.jpg\" alt=\"\" class=\"wp-image-152\" srcset=\"https:\/\/dentec-online.de\/wp-content\/uploads\/2024\/06\/IPK14-1.jpg 600w, https:\/\/dentec-online.de\/wp-content\/uploads\/2024\/06\/IPK14-1-300x200.jpg 300w\" sizes=\"auto, (max-width: 600px) 100vw, 600px\" \/><figcaption class=\"wp-element-caption\">f<em>ertige Krone vestibul\u00e4r<\/em><\/figcaption><\/figure>\n\n\n\n<figure class=\"wp-block-image size-large\"><img loading=\"lazy\" decoding=\"async\" width=\"600\" height=\"400\" data-id=\"153\" src=\"http:\/\/192.168.2.129\/wp-content\/uploads\/2024\/06\/IPK15-1.jpg\" alt=\"\" class=\"wp-image-153\" srcset=\"https:\/\/dentec-online.de\/wp-content\/uploads\/2024\/06\/IPK15-1.jpg 600w, https:\/\/dentec-online.de\/wp-content\/uploads\/2024\/06\/IPK15-1-300x200.jpg 300w\" sizes=\"auto, (max-width: 600px) 100vw, 600px\" \/><figcaption class=\"wp-element-caption\"><em>Hilfsschl\u00fcssel f\u00fcr das Einsetzen im Mund<\/em><\/figcaption><\/figure>\n<\/figure>\n","protected":false},"excerpt":{"rendered":"<p>Totalprothetik Mit den &#8220;Dritten&#8221; ist es wie mit einem guten Freund, sie sind da wenn man sie braucht. Wir tun vieles, damit Ihnen Ihre &#8220;Dritten&#8221; zum Freund werden. Nach enger &#8230;<\/p>\n","protected":false},"author":1,"featured_media":0,"parent":0,"menu_order":0,"comment_status":"closed","ping_status":"closed","template":"","meta":{"footnotes":""},"class_list":["post-43","page","type-page","status-publish","hentry"],"_links":{"self":[{"href":"https:\/\/dentec-online.de\/index.php\/wp-json\/wp\/v2\/pages\/43","targetHints":{"allow":["GET"]}}],"collection":[{"href":"https:\/\/dentec-online.de\/index.php\/wp-json\/wp\/v2\/pages"}],"about":[{"href":"https:\/\/dentec-online.de\/index.php\/wp-json\/wp\/v2\/types\/page"}],"author":[{"embeddable":true,"href":"https:\/\/dentec-online.de\/index.php\/wp-json\/wp\/v2\/users\/1"}],"replies":[{"embeddable":true,"href":"https:\/\/dentec-online.de\/index.php\/wp-json\/wp\/v2\/comments?post=43"}],"version-history":[{"count":9,"href":"https:\/\/dentec-online.de\/index.php\/wp-json\/wp\/v2\/pages\/43\/revisions"}],"predecessor-version":[{"id":338,"href":"https:\/\/dentec-online.de\/index.php\/wp-json\/wp\/v2\/pages\/43\/revisions\/338"}],"wp:attachment":[{"href":"https:\/\/dentec-online.de\/index.php\/wp-json\/wp\/v2\/media?parent=43"}],"curies":[{"name":"wp","href":"https:\/\/api.w.org\/{rel}","templated":true}]}}